*i = l. Is 13 a factor of p/4*(-4 - -6)?
False
Let i(t) be the third derivative of 0*t + 1/60*t**5 - t**2 + 0 + 1/6*t**3 + 0*t**4. Is i(9) a multiple of 22?
False
Let z(p) = 3*p**2 - 13*p - 9. Is 13 a factor of z(9)?
True
Let d(q) = q**2 + 2*q - 4. Let z = -4 + 7. Let l be (-4 + z)*(8 + -1). Is 11 a factor of d(l)?
False
Suppose 0 = -6*w + 4*w, -100 = -4*k - w. Is 24 a factor of k?
False
Suppose 0 = -w - r + 6, -w - 3*w - 2*r = -16. Is 4/(w*3/15) a multiple of 10?
True
Let l be 6/9*(-6)/2. Is (70/(-8))/(l/8) a multiple of 15?
False
Let q(v) = -v + 4. Let x be q(0). Suppose -x - 10 = -2*s. Does 3 divide s?
False
Let i(v) = v**2 + 7*v - 11. Let w be i(-8). Is 6 a factor of (-15)/(1/(-4 - w))?
False
Let x = -2 - -7. Let l(g) = 2*g**2 - 5*g - 4. Does 18 divide l(x)?
False
Suppose -4*u - 2*y + 30 + 0 = 0, u - 3*y = -10. Suppose -v + w = -u, v - 11 - 2 = -3*w. Is 7 a factor of v?
True
Let a = -48 + 136. Does 8 divide a?
True
Suppose 3*h + 2*h = -30. Let w(n) be the third derivative of n**5/30 + 7*n**4/24 - n**3/2 + 2*n**2. Is w(h) a multiple of 9?
True
Let c = 136 + -83. Is 16 a factor of c?
False
Suppose -22 = -2*n + 16. Does 5 divide n?
False
Let o(p) = -5*p + 5 - 7*p + 2*p. Is o(-6) a multiple of 20?
False
Is -1 + (-24)/(-2) + 1 a multiple of 5?
False
Let p(u) = -2 + u - 1 + 2. Let q be p(1). Suppose q*l + 36 = l. Is 16 a factor of l?
False
Let w(h) = h**2 - 6*h - 4. Let v = -9 + 16. Let c be w(v). Suppose 0 = -4*y + 2*q + 68, 2*y - y - c*q = 12. Does 9 divide y?
True
Suppose -2*q - 2 = -10. Let r be 24/(-18)*(-42)/q. Suppose -r = -2*a + 4*f - 3*f, 0 = a - 2*f - 13. Does 2 divide a?
False
Let z be 11 - (1 + 2)/3. Let s be (8/z)/((-2)/(-10)). Suppose s*g - 36 + 6 = -2*f, -4*f + 5*g = -60. Is f a multiple of 6?
False
Let a = 25 + 11. Is 8 a factor of a?
False
Suppose 9 = 4*c - 43. Is c a multiple of 7?
False
Let l = -2 - -4. Suppose -o = l*o. Let u = 4 + o. Does 2 divide u?
True
Suppose 2*j + 8 = 2, -5*i + 2*j = -31. Let o(p) = -p**3 + 6*p**2 - 3*p + 5. Is 15 a factor of o(i)?
True
Let r(l) = -6*l - 16. Is 8 a factor of r(-12)?
True
Let v be 28/(-8) - (-1)/2. Is 96/9 - (-2)/v a multiple of 3?
False
Let t(i) = i**3 + 4*i**2 - 5*i + 2. Let n be t(-5). Let w(x) = -2*x + x**2 + 3*x**n + 5*x - 2. Is 10 a factor of w(2)?
True
Is (2 - 5/2)*(-864)/16 a multiple of 3?
True
Suppose 5*s + 3*v - 213 = 184, -v - 381 = -5*s. Does 16 divide s?
False
Suppose b = -1, 3*d - 2*b + 0*b = -22. Is ((-12)/d)/((-1)/(-6)) a multiple of 3?
True
Let c(q) = -q - 2. Let l be c(-4). Let f be 26/l - (0 + 3). Is (-1)/4*-2*f a multiple of 3?
False
Let t be (8/5)/(2/10). Suppose 3*s - a = t, -2*s - 4*a - 14 = -5*s. Suppose -2 = -s*d + v + 5, -d = 3*v. Does 3 divide d?
True
Let c(f) = 2*f**2 - 15*f + 16. Is c(-8) a multiple of 29?
False
Is 3 a factor of ((-3)/((-15)/(-40)))/(-1)?
False
Let f(c) = 0 + 1 + 2*c + 2. Suppose 0 = -r + 1 + 4. Does 8 divide f(r)?
False
Suppose 7 = m - 4. Is 3 a factor of m?
False
Suppose -3*b - 5*s + 157 = 0, -5*b - 2*s - 63 = -293. Is 13 a factor of b?
False
Suppose 15 = 5*n - 5*u, 0 = n - 0*n + u - 9. Let i be (7 - n)/(2/10). Suppose i*s - 57 = o + 1, -3*s = 5*o - 46. Is s a multiple of 11?
False
Let n(b) = b**3 + 9*b**2 - 10*b + 6. Is n(-10) even?
True
Let v = -8 + -6. Suppose q + m = -2*m + 17, -3*q - m + 91 = 0. Let w = q + v. Does 9 divide w?
True
Let s = 3 + 1. Suppose 3*x = -x + s. Is 7 a factor of 7 + x*(0 - 0)?
True
Let h be -3 + 5 - (-2 - -3). Suppose 0 = -j + 24 + h. Is 7 a factor of j?
False
Let y(z) = -z**2 - 6*z + 2. Let f be y(-6). Let o = 1 - -7. Suppose a - b = o, f*a - 4*b = b + 31. Is 3 a factor of a?
True
Suppose -3*n + 228 = n. Does 19 divide n?
True
Let f = -92 - -132. Is 20 a factor of f?
True
Suppose 0*r + 4*r = 12. Let t(k) = 12*k - 1. Is t(r) a multiple of 17?
False
Is 4 a factor of (2/7 + 86/(-7))*-1?
True
Let f(v) = -11*v**2 - 3*v + 31*v**2 + 2 - 17*v**2. Let k(y) = -y**2 + 5*y + 2. Let w be k(5). Is f(w) a multiple of 8?
True
Let y be 3 - (8/(-2))/(-4). Does 9 divide 4/6*81/y?
True
Let a(h) = 2*h + 6. Suppose -2*s + 23 = 7. Suppose 2*p - 4 = s. Is a(p) a multiple of 9?
True
Suppose -3*z = -0*z - 3. Is 17 a factor of 256/8 + 2/z?
True
Suppose 4*o + 4*z - 28 = 0, o + 3*z - 17 = -0*z. Suppose -o*s = -5*s + 177. Does 16 divide s?
False
Suppose -3*a + 1058 = 2*a - 4*s, -5*s - 10 = 0. Does 21 divide a?
True
Let j be (1 - 3)/((-1)/28). Suppose 2*f - 3*k - 3 = 26, -j = -3*f + 2*k. Is f a multiple of 11?
True
Let u = 88 + -48. Does 15 divide u?
False
Let p = 5 - 4. Is -1*p - (-5 + -4) a multiple of 6?
False
Let f = 2 + 9. Let g be -3*(2 + (2 - f)). Suppose -5*d - g = -111. Is 13 a factor of d?
False
Let g = 17 + -7. Suppose -g = -2*b - 0*b. Is 2 a factor of b?
False
Suppose -f - 2*x + 360 = 4*f, -f = -5*x - 72. Does 12 divide (-1)/((-75)/f + 1)?
True
Let l be 4/10 - 2/5. Suppose 5*u - 118 - 102 = l. Suppose 3*d - u = 2*w - 4*w, -3*w + 5*d + 85 = 0. Does 13 divide w?
False
Let d be 819/15 + (-4)/(-10). Let m be 222/(-4)*10/(-15). Let i = d - m. Does 9 divide i?
True
Suppose -4*m - 16 - 24 = 0. Does 13 divide (-446)/m - 2/(-5)?
False
Suppose 4*r + 38 = -22. Suppose -4*g = -g + 3. Is g/(-1*(-3)/r) a multiple of 4?
False
Let t(q) = q**3 + 3*q**2 - 4*q - 1. Let h be t(-3). Let l = h - -7. Does 8 divide -1 + (l - -1*2)?
False
Suppose 4*s + 0*f = 2*f + 186, s - 5*f - 24 = 0. Suppose -4*u - u - 13 = -j, -3*j + 5*u = -s. Does 16 divide j?
False
Suppose -5*w - 2*r + 359 + 491 = 0, 4*w = -3*r + 680. Does 34 divide w?
True
Suppose 4*s + s - 205 = 0. Is s a multiple of 17?
False
Let o(p) = 2*p**2 - 1. Let j be o(-1). Is 18 a factor of 45 + -7 - j*2?
True
Suppose 0 = -p - 0 - 1. Let o = p - -3. Suppose -2*a - 8*t - 5 = -3*t, -5*a = o*t - 40. Is a a multiple of 10?
True
Let w(u) = -u**3 + 15*u**2 - 13*u + 32. Is w(14) a multiple of 6?
False
Suppose 7*y - 2*y = 110. Suppose 0 = 3*t - 2*g - 3*g - 23, 4*g + y = 3*t. Is t a multiple of 3?
True
Let o(i) = -i**3 + i**2 + 16*i - 9. Is 3 a factor of o(4)?
False
Let z(u) = u**3 - 5*u + 2. Let v be -2 - (-18)/((-12)/(-4)). Does 16 divide z(v)?
False
Let h(s) = s**3 - 9*s**2 + 14*s + 9. Let m(o) = o + 1. Let p(z) = h(z) - 5*m(z). Does 12 divide p(8)?
True
Let m = 99 + -19. Suppose 5*v + i = -i - 168, 0 = -3*v + 4*i - m. Let d = -18 - v. Is 8 a factor of d?
False
Let y(t) be the third derivative of -t**4/4 - t**3/3 + t**2. Let h be y(-2). Let a = -7 + h. Is a a multiple of 2?
False
Suppose -3*k = -70 - 287. Does 21 divide k?
False
Is 3/(5/((-710)/(-6))) a multiple of 20?
False
Let a(d) = -d + 1. Let b be a(-9). Let m(h) = h**2 + h + 5. Let q be m(0). Let s = b - q. Does 5 divide s?
True
Let l be ((-12)/(-16))/((-2)/(-16)). Let g = 16 + l. Is 11 a factor of g?
True
Let r be ((-1 - -4)/3)/(-1). Let c be (-159)/1 + 1 + r. Is 20 a factor of c/(-3) - (-1 - 1)?
False
Let n = -6 - -4. Let m(a) = -a**2 + 3*a + 4. Let r be m(5). Does 3 divide 9/n*r/9?
True
Let u(d) = 2*d - 6. Let c be u(4). Suppose l - 10 = 5*f + 2, c*f = 5*l - 37. Is l a multiple of 5?
False
Let a be (-152)/6 - (-6)/(-9). Let h = -15 - a. Does 11 divide h?
True
Suppose f - 2*p - 98 = 0, 0 = 4*f + 3*p - 58 - 389. Is 18 a factor of f?
True
Let y(h) = 2*h**2 - 7*h - 10. Is 16 a factor of y(7)?
False
Let h(g) be the third derivative of 17*g**6/120 - g**4/12 + g**3/6 + 4*g**2. Is 7 a factor of h(1)?
False
Suppose -3*o = -3*y + 27, 4*o - 5 - 7 = 0. Is 12 a factor of y?
True
Suppose 0 = 5*v - v - 176. Does 8 divide v?
False
Let w be (-4)/(-14) + 1884/(-28). Let o = w - -98. Is 10 a factor of o?
False
Let f be (60/(-8))/(9/(-60)). Let j = f - 27. Does 13 divide j?
False
Does 12 divide (-16)/(-3)*(-7 - -13)?
False
Let c(y) be the first derivative of y**4/4 + 8*y**3/3 - y**2/2 - 8*y + 2. Let w be c(-8). Suppose -3*h - 28 = -5*q, w*q - q + 7 = -2*h. Is 5 a factor of q?
True
Suppose a = -0*a. Suppose 5*r + 0*r - 15 = a. Is 3 a factor of r?
True
Let q(v) = v**3 + 3*v**2 - 6*v - 4. Let o be q(-5). Let s = -16 - o. Is s a multiple of 4?
True
Suppose 0*a - 4 = -2*a. Let n be 1 + (1 - a) - 46. Does 13 divide n/(-1) - 0/(-1)?
False
Let l be 1 - -3 - (1 + 1). Let c = l + -2. Suppose 4*a - 3*a - 10 = c. Is a a multiple of 6?
False
Suppose -j - 4*j = -5. Is -13*(j - 3) - -2 a multiple of 28?
True
Suppose -3*p - 7 - 23 = 0. Let z(j) = 7*j - j**3 + j**2 + 1 - 10*j**2 + 0